e 15) to base 7
3264302
1742172 (base 8) to base 2
1111100010001111010
-110000011110100 (base 2) to base 10
-24820
202122002002100 (base 3) to base 2
101001110100111111011000
Convert 174724 (base 14) to base 7.
6651044
Convert -2860b (base 15) to base 3.
-20120210102
Convert -12b944 (base 12) to base 16.
-4bd84
What is -102302001 (base 5) in base 12?
-189865
What is -279fe (base 16) in base 5?
-20143202
-126146 (base 7) to base 9
-35518
Convert -1421401 (base 5) to base 10.
-29601
What is -1001322033 (base 4) in base 5?
-32114332
Convert 411323 (base 7) to base 3.
10120012122
-1104502 (base 8) to base 4
-1020211002
Convert 1722372 (base 10) to base 3.
10020111122120
-111202210221 (base 4) to base 10
-5646633
Convert 201010201022 (base 3) to base 5.
44023220
-d4d98 (base 15) to base 10
-674693
-ada99b (base 15) to base 12
-2938218
What is -501911 (base 10) in base 11?
-313103
5394520 (base 10) to base 9
11131801
a6a385 (base 13) to base 15
5228dc
Convert -1bea2 (base 15) to base 16.
-163ac
What is 202111111110 (base 3) in base 12?
175610
What is 4431430 (base 6) in base 2?
110110001100101010
Convert 1030121220 (base 4) to base 13.
ac590
Convert 206907 (base 10) to base 8.
624073
What is 202222121120 (base 3) in base 14?
aa765
What is a143 (base 11) in base 10?
13478
-28b51 (base 12) to base 5
-3310231
What is -13ce84 (base 15) in base 14?
-1ac080
-112403124 (base 5) to base 2
-1111101001110010010
Convert 25166154 (base 7) to base 15.
2ec310
20730230 (base 9) to base 13
20c1378
Convert 1e3042 (base 15) to base 12.
5b3608
-264861 (base 10) to base 11
-170aa3
16445542 (base 7) to base 6
54245351
What is 574816 (base 9) in base 14?
8d8d1
Convert 9900a (base 11) to base 15.
2c8dd
Convert -333411232 (base 6) to base 13.
-133b491
What is -555610 (base 7) in base 15?
-1e0c1
Convert 3b4b (base 16) to base 5.
441204
What is -22111001002 (base 4) in base 11?
-158a224
Convert 805c (base 13) to base 8.
42365
Convert 101222020000 (base 3) to base 10.
215946
440032 (base 6) to base 5
2130213
652ad (base 14) to base 7
2036406
10103233200 (base 4) to base 8
4235740
Convert -3a23741 (base 12) to base 9.
-23557704
Convert -22110222212101 (base 3) to base 2.
-10001001100011010101101
What is -2aa0f1 (base 16) in base 4?
-22222003301
-187580a (base 11) to base 9
-5861481
What is 22365311 (base 7) in base 5?
444332311
What is 20205344 (base 8) in base 14?
7cd616
What is -21201202212 (base 3) in base 7?
-1202501
Convert -410846 (base 10) to base 2.
-1100100010011011110
1c5b72d (base 14) to base 6
1224301341
388812 (base 12) to base 6
31513222
237145 (base 10) to base 8
717131
What is -1d22b55 (base 14) in base 5?
-12214341144
Convert -1c5c6 (base 16) to base 7.
-662451
11011110001011001000 (base 2) to base 12
37a774
-9190a4 (base 12) to base 2
-1000101011101000111100
-2b3c75 (base 13) to base 11
-668561
Convert 1310301313 (base 4) to base 5.
110301302
122122001 (base 4) to base 3
12111100222
10a66 (base 13) to base 12
1567b
What is -471204 (base 9) in base 12?
-11794a
Convert 5410504 (base 6) to base 11.
171825
3e0a5 (base 16) to base 14
68873
-30111201211 (base 4) to base 2
-1100010101100001100101
246372 (base 8) to base 9
138833
32b07 (base 13) to base 16
16727
Convert -c0004 (base 13) to base 15.
-6b841
What is 19820 (base 10) in base 15?
5d15
What is 575335 (base 8) in base 14?
51257
Convert -10000101010001011000100 (base 2) to base 10.
-4367044
What is -3981900 (base 11) in base 16?
-69096a
Convert 169100 (base 11) to base 4.
333232011
33013223031 (base 4) to base 12
13b18b9
-1942082 (base 12) to base 2
-10100010000110111100010
What is c1099b (base 13) in base 12?
1603aa6
Convert 882839 (base 11) to base 5.
330043313
-17d958 (base 14) to base 7
-10114241
Convert 142041340 (base 7) to base 15.
c3bccd
What is 23500222 (base 8) in base 9?
10611207
What is 17521214 (base 8) in base 3?
21201112210021
What is -121100200211 (base 3) in base 14?
-854bb
What is 26200 (base 7) in base 6?
52114
-303958 (base 14) to base 2
-110001100010111111010
Convert 111001111100111100000 (base 2) to base 6.
104411320
Convert -d526 (base 15) to base 14.
-125ac
What is 84604 (base 10) in base 13?
2c680
What is 10100100010010100101 (base 2) in base 12?
285519
What is -1001101110011100101010 (base 2) in base 8?
-11563452
-1022440303 (base 5) to base 4
-20032102313
What is 11120301013 (base 4) in base 5?
330142132
-696005 (base 10) to base 4
-2221323011
-113973 (base 10) to base 3
-12210100020
What is -314269 (base 15) in base 12?
-94b953
1540675 (base 10) to base 14
2c1683
123534 (base 8) to base 12
20964
11b15ed (base 15) to base 16
c1f6ae
What is -10312010103 (base 4) in base 5?
-311120120
-150a0 (base 16) to base 10
-86176
11362522 (base 7) to base 4
3311311312
What is -36964 (base 14) in base 7?
-1064254
10724074 (base 8) to base 11
135676a
Convert 1000000100101100110000 (base 2) to base 15.
2bc135
What is -2c33 (base 13) in base 9?
-8772
What is -5b1135 (base 12) in base 2?
-101100111111001111001
What is 8abd6 (base 15) in base 2?
1101011110001010010
Convert 1641780 (base 10) to base 13.
45638a
20a364 (base 12) to base 5
112443302
Convert 6616625 (base 8) to base 9.
3307574
What is -110002112020 (base 3) in base 16?
-3a1d6
Convert 1110000010 (base 2) to base 9.
1207
-10001000011011111100000 (base 2) to base 8
-21033740
Convert 46234 (base 12) to base 9.
152404
2749203 (base 11) to base 6
245342151
-4a74e (base 16) to base 2
-1001010011101001110
-31147 (base 14) to base 3
-20000012200
Convert 5b2b2a (base 13) to base 7.
24334502
What is ae200 (base 16) in base 7?
6030230
34d5c (base 15) to base 7
1300632
What is 28f70 (base 16) in base 8?
507560
-6aabb (base 13) to base 4
-233221230
-143253404 (base 6) to base 16
-2d32ec
Convert -156a5 (base 16) to base 5.
-10301332
-14b9b (base 13) to base 3
-1222221220
-4011111 (base 8) to base 15
-15c122
What is -1152805 (base 9) in base 4?
-2120223332
Convert -23312043 (base 5) to base 15.
-43368
What is -210200201 (base 4) in base 9?
-247112
What is 16313242 (base 7) in base 15?
214261
What is 8073270 (base 9) in base 5?
2100043432
Convert 70187 (base 11) to base 3.
12012212211
Convert -1103853 (base 10) to base 16.
-10d7ed
-4370 (base 11) to base 15
-1a94
What is 84590 (base 16) in base 8?
2042620
-55779 (base 15) to base 11
-176140
53052045 (base 6) to base 5
343442324
-110100111101110 (base 2) to base 6
-325314
Convert 120010211021 (base 3) to base 5.
34014113
Convert -111223120 (base 4) to base 9.
-144717
12202012002110 (base 3) to base 9
5665073
What is -6b5c1 (base 16) in base 15?
-8a465
What is 22020001010 (base 3) in base 5?
20134433
What is -20550455 (base 6) in base 14?
-11a8b9
What is -247667 (base 9) in base 5?
-14244432
What is -3110252 (base 7) in base 12?
-15b542
-4ca21c (base 14) to base 7
-31304135
What is -46948c (base 13) in base 14?
-319291
3112202033 (base 4) to base 3
1122122101202
Convert 1ff54 (base 16) to base 7.
1053430
What is 111001011110011 (base 2) in base 9?
44326
Convert 122000111100 (base 3) to base 5.
41204341
What is -111110001110100011000 (base 2) in base 6?
-111412040
Convert 1020a9 (base 15) to base 11.
4837a2
What is b7938 (base 16) in base 13?
204338
Convert -20223043 (base 6) to base 12.
-23aa83
What is 953a (base 13) in base 4?
11002323
What is -687362 (base 9) in base 3?
-202221102002
What is -2120121202021 (base 3) in base 11?
-856612
Convert 220031000 (base 5) to base 9.
1681668
30022242 (base 5) to base 11
1512a8
What is -2110300302 (base 4) in base 12?
-254756
3060244 (base 7) to base 6
11513151
Convert 586b2 (base 12) to base 14.
31286
333303002 (base 4) to base 8
776302
Convert 7e8b (base 15) to base 11.
19240
Convert -22210120020222 (base 3) to base 14.
-89a118
What is 5d943 (base 16) in base 7?
3154330
Convert -50054115 (base 6) to base 11.
-881176
Convert -863286 (base 14) to base 13.
-c30397
21132240 (base 7) to base 5
424231212
What is 434663 (base 9) in base 15?
51c93
-238275 (base 9) to base 16
-231e3
Convert 101000001101010111110 (base 2) to base 5.
314130231
Convert -1111010010100100100 (base 2) to base 15.
-9d6bd
What is -10489275 (base 10) in base 6?
-1012453243
Convert -5433741 (base 8) to base 16.
-1637e1
Convert 4052041 (base 8) to base 15.
16210d
Convert -1100100011111000101 (base 